
What is the value of -20 + 12 + -5 - (-39 + -1)?
27
8 + -8 + (1 - -3) + (15 - 11)
8
What is the value of -16 + (22 - 30) + 2 + 10?
-12
Calculate 6 + -31 + 13 - -22.
10
(-35 - (-22 + 2)) + 16
1
What is (12 - 28) + 15 - 31?
-32
What is the value of -6 + 6 + 2 - (8 - -1 - 1)?
-6
2 + (3 - (0 - 11) - 4)
12
(7 - -2) + -5 + -4
0
What is the value of (2 + -5 - 1) + 1409 + -1388?
17
Calculate 30 - (5 + 1 - (11 + (-31 - -22))).
26
What is the value of 0 + (0 - (-17 + 9) - 8)?
0
What is (14 - 0) + 5 + 2 + (21 - 23)?
19
What is the value of -13 + 18 - 4 - 1?
0
What is 2 + -2 - (-8 + (26 - (3 + 6)))?
-9
What is the value of 3 - (-2 + 0) - (1 + -6 + 2)?
8
Evaluate (23 - 18) + (-10 - -20).
15
What is -44 - -15 - -26 - 14?
-17
What is -6 + 6 + 6 + 21?
27
Evaluate 35 - (-2 - (-18 - (15 - 21))).
25
(11 - -13) + 96 + -138
-18
Evaluate (-3 - (5 - -1)) + -11 + 18.
-2
Calculate 8 + (14 - 11) - -2.
13
What is -2 - (8 + -3 - (-1 + 10))?
2
Evaluate -1 + -9 - (20 - 42).
12
What is (3 - -9 - 12) + -9?
-9
-15 + 9 - -8 - (-1 - (-3 + 10))
10
What is the value of -1 + (-8 - 1) + (7 - -1)?
-2
Evaluate (-7 - -10 - 10) + (13 - 4).
2
What is (-19 - -15) + 26 + -11 + -14?
-3
Calculate 6689 + -6694 + 0 + 0 + 1 + 3.
-1
Evaluate -4 + (14 - 10) + (4 - -5).
9
What is the value of -9 + (9 - 1) + -7?
-8
(1 + 0 - -2) + (265 - 283)
-15
What is 1 + 3 + (27 - 44)?
-13
Calculate -6 + (16 - 4) + -3 + 5 + -29.
-21
Calculate (-17 - -2) + 10 - 0.
-5
What is -2 + -16 + -16 + 52 - -10?
28
Evaluate (11 - 1 - (6 - 4)) + 12 + -7.
13
What is -64 + 79 - (-1 - -18)?
-2
Evaluate 3 - 7 - -4 - (-3 + -6).
9
What is the value of 8 + 1 + 2 + 12 + -7?
16
What is the value of 5 - (-1 - -9) - (2 + -1) - -8?
4
Calculate 6 + 17 + -43 + -5.
-25
What is the value of (34 - ((4 - 1) + -2)) + -10 + 1?
24
What is the value of -151 + 158 - (6 + 0)?
1
What is the value of -2 - ((-9 - -6) + 1) - (2 - 8)?
6
-25 - (-5 + (8 - (18 + -9)) - -2)
-21
Evaluate 19 - (-2 - (-52 + 21)).
-10
(16 - 19) + (-2 - -13)
8
What is the value of (5 - 3) + (4 - 1) + -3 + 6?
8
-11 - (0 - (15 + -13))
-9
What is the value of -43 + 26 + 4 + (-13 - 0)?
-26
33 - (15 + 14 + -30 + 13)
21
Evaluate -43 + 9 + (14 + 0 - 6) + 5.
-21
-3 - (-18 - (15 + -11))
19
-1 - ((3 - 5) + 13 + -6) - -5
-1
What is 18 + -23 - (-26 - -34)?
-13
Calculate -10 + 12 + -1 + -12.
-11
(204 - 206) + (0 - -24)
22
Calculate 9 + -2 + (-23 - ((-1 - 6) + 5)).
-14
21 - ((-38 - -37) + 1)
21
Evaluate (461 - 471) + (15 - 0).
5
What is the value of 5 - (-7 - (6 - 12 - -2))?
8
What is 95 + -67 + (-2 - 37)?
-11
(7 - -8) + (2 - (-51 + 31))
37
Evaluate 7 - (32 + -9) - -33.
17
What is the value of -8 + -1 - (27 + 29 - 42)?
-23
What is (20 - 31) + -1 + -2 + 3?
-11
What is (-4 - 1) + (-1 - (-14 + 13))?
-5
What is the value of -12 - (-4 + 8 + -9) - -7?
0
What is the value of 10 + -2 + -17 + 0 + -3 - 0?
-12
What is (56 - 46) + (-2 - 28)?
-20
What is the value of 5 + (-7 - -13) + (-9 - -1) + 3?
6
What is the value of 12 - (-29 + 20 + 26)?
-5
Calculate (2 - 1) + 5 + -6 - (-30 - 2).
32
Evaluate 14 + -6 + (9 - (12 + -7)).
12
Evaluate 3 - 3 - (-34 - -36).
-2
What is the value of 3 + 1 + -11 + 14?
7
(-2 - (1 + -1)) + 0 - 1 - -5
2
Calculate -11 - ((14 - 18) + 8) - 12.
-27
Evaluate 28 + -25 + (9 - 6 - 11).
-5
What is the value of (9 - 6) + 8 - (-1 - -12)?
0
(23 - 7) + -38 + 22
0
What is the value of 9 + (-118 + 130 - (1 + -1))?
21
Evaluate -4 + (23 - (13 - 4)) + (-49 - 0).
-39
Calculate (7 - (-4 + 1 + 19)) + (-25 - -18).
-16
What is the value of 7 + (2 - -17) + -27 + 12 + 0?
11
What is (-193 - -190) + (1 - -7)?
5
What is the value of -2 + -2 + (-7 - (-15 + 3))?
1
82 + -77 - (0 + (13 - 1))
-7
Evaluate 35 + -26 + 43 + -31.
21
What is (-28 + 23 - 13) + 13?
-5
Calculate 1 + (5 - 2) - 6 - (7 - 2).
-7
Calculate -304 + 289 + 18 + 0.
3
Calculate (16 - 54) + (17 - -15).
-6
6 + (2 - (-7 - -8)) + -8 + 5
4
(10 - (-20 + -10)) + -32
8
(-4 + -5 - (2 - 1)) + 6
-4
What is 0 + 3 + -21 - (9 + -5 + -7)?
-15
What is the value of -7 - (0 - (-7 - -13 - -2))?
1
Calculate -6 + -3 + -28 + 37.
0
-15 + (17 - 13) + 18
7
What is -7 + (-2 - -12) + (-8 - 5) + 3?
-7
Calculate (2 + 0 + 2 - (-172 - -180)) + -14.
-18
-1083 - -1103 - (12 - 1)
9
What is the value of -9 + (3 - -2) + (15 - (7 - -1))?
3
What is 4 + 1 + (8 - -1) + (5 - 23)?
-4
Evaluate 5 + (-20 - -10) + (3 - -2).
0
-12 + 5 + 0 + (-7 - (9 - 16))
-7
What is the value of 15 - (-24 - -27 - -29)?
-17
What is the value of (-5 - -4) + 13 + -2 + -10 + 14?
14
Calculate -1 + 8 - (-1128 - -1141).
-6
(17 - 8 - -10) + (-20 - -15)
14
What is the value of (0 + -9 - (-46 + 41)) + (-7 - 0)?
-11
What is the value of (12 - (19 + -2)) + (-2 - -13)?
6
What is the value of 7 - ((9 - (-9 + 0)) + 11)?
-22
Evaluate -1 + 8 - (976 + -985).
16
(7 - 2) + -10 - (-9 - 0)
4
Calculate -3 - ((-1 - (-7 + (12 - 3))) + 6).
-6
What is the value of 2 + (-3 - (11 - 4))?
-8
Calculate 15 - -3 - (37 + -17).
-2
Evaluate (8 - 21) + 8 - (-10 - 1) - 0.
6
Calculate (-3 - (-4 + -3) - -2 - 2) + 3.
7
Calculate 9 + (-25 - -17 - -12).
13
Evaluate 9 + -19 + (-7 - -32) + -33.
-18
What is -45 - -38 - -8 - (2 + 4)?
-5
What is the value of 7 - (-15 - -18 - 3)?
7
What is -24 - (19 - (32 + 3))?
-8
What is the value of 1 + 0 + 2 + 4 + -8 + 1?
0
What is the value of 4 + (-3 - (-5 + 13 + -3))?
-4
Calculate 9 + (7 + -19 - 2).
-5
Calculate (-2 + 7 - (-2 + 2 - 2)) + -23.
-16
Calculate 0 - -43 - (180 + -159).
22
Evaluate -288 - -298 - (11 + -2 + 2).
-1
What is -27 + 16 - -7 - (33 + 2) - -7?
-32
Evaluate 10 + -10 + 11 + (2 - 18) + 32.
27
2 + 5 + 9 + -29 + (-20 - -10)
-23
What is 4 + (12 - 24) - (-3 - -5 - -8)?
-18
Calculate -3 + -3 + -14 + (31 - (-3 + -10)).
24
Calculate -14 - (11 - (4 - -19)).
-2
1 + -1 + -11 + (317 - 319)
-13
Evaluate -10 - (9 + 5 + -7 + -7).
-10
Evaluate 9 + (29 - 31 - -19).
26
What is 2 - ((0 - -10 - 6) + -3)?
1
Calculate (-3 - (-13 - 7) - -11) + -17.
11
What is 1 + -4 + (30 - ((-10 - -11) + 4))?
22
What is (-6 - (-21 + 6)) + -8?
1
What is 0 + (-3 - 48) + 31?
-20
-17 + 3 - (-22 - -24 - 6)
-10
What is the value of 9 + -11 + 5 + (-1 - 3)?
-1
What is the value of (-2 - 2 - 1 - 2) + 2?
-5
Evaluate 4 + (-17 - 30 - -28).
-15
What is the value of 0 - 8 - (-91 + 78)?
5
What is the value of 18 + 8 + 4 + -15 + -11?
4
Evaluate -25 + (-32 + 18 - -16).
-23
-4 - -7 - (46 + -58)
15
What is 45 - 63 - (-14 - -4 - -2)?
-10
What is the value of (12 + (-11 - -3) - 20) + (3 - -2)?
-11
Calculate 17 + (-17 - -32) + -24.
8
8 + 1 + (-5 - 6) - -6
4
Evaluate 1 - (5 - ((-8 - -2) + 7) - 3).
0
What is the value of -24 + -4 + 0 + 27 + -61 + 29?
-33
What is (-4 - (-5 - (-6 + 6))) + 3?
4
Calculate -34 - (-15 - -26 - 21).
-24
Calculate -3 - -1 - 6 - -4.
-4
Calculate (13 + -23 - -17 - (20 + 0)) + 0.
-13
What is the value of -12 + 9 + 32 - 13?
16
What is 1 - 2 - 1 - (-5 - -1 - 9)?
11
What is the value of -31 + -7 + 25 + 0?
-13
What is -2 + 5 - (-1 + -1) - (5 - 0)?
0
What is 33 + -2 + -6 + 6 + -13?
18
What is the value of -10 - (3 - (7 + 5) - 14)?
13
What is -81 - (60 - 146) - (-1 + 1)?
5
Evaluate 7 + -4 + 1 - (5 + -1).
0
Calculate -9 - (-12 - (13 + -32)).
-16
-19 + 10 + -1 - -9 - 1
-2
Calculate -3 + 4 + 4 + -6 + 7 - 23.
-17
Calculate (15 - -20) + -22 + 2.
15
What is -3 + (27 - -1 - (-50 + 56))?
19
What is the value of 124 - 133 - (-1 - -8)?
-16
Calculate -8 - (4 - (-1 + -8 - -10)) - 5.
-16
Calculate -192 + 184 + -1 + 12.
3
What is 8 + 3 + (-17 - -3 - -1 - -6)?
4
What is (-10 - (16 + -2 + -21)) + 0?
-3
What is the value of -2 + (-8 - -2) + (-7 - 0) + 9?
-6
What is 1 + (5 - 12) + -12 + 16?
-2
-1 + (2 + 13 - (-5 + 2))
17
Evaluate -24 - ((-6 - -1) + (-36 - -26) + 7).
-16
-22 - (-3 + -6) - (61 - 56)
-18
Calculate 6 + 0 + (11 + -19 - -16 - 11).
3
Calculate 11 - (-7 + -7 + 12 - -14).
-1
What is 11 - (6 + (9 - 0)) - 6?
-10
What is the value of (21 - 20) + (-24 - 3)?
-26
Calculate 25 + (-3 + 13 - 28).
7
Evaluate 1 + -6 + 41 + -39.
-3
What is 29 + -2 + (-245 - -227)?
9
What is (0 - (4 - 1)) + -11 + -17 + 26?
-5
Evaluate 3 + 6 + -6 - -14 - (-22 - -14).
25
What is (5 - (4 + -2)) + -18?
-15
What is the value of (16 - 1) + (-1 - (7 + 8) - -14)?
13
What is the value of 306 - 284 - (-10 - 0 - (5 - 8))?
29
What is the value of -6 - 7 - (-2 - 11)?
0
Calculate (-3 - -21 - (-7 + 13 + -12)) + 3.
27
What is the value of 0 + -11 + (678 - 640)?
27
What is the value of -435 - -481 